hundreds digit of m?
2
Let m(o) = o + 76. What is the units digit of m(-22)?
4
Let f be (-17*(-2)/(-4))/((-35)/1260). Let j = f - 176. What is the hundreds digit of j?
1
Let g(b) = -b**3 - 4*b**2 + 7*b + 5. Let s be g(-4). Suppose -69 = 73*c - 288. Let o = c - s. What is the tens digit of o?
2
Suppose 2*n - 5*n = -3*h - 27, 3*n - h - 21 = 0. Let o be (-152)/(n/(-5 - -2)). Suppose 5*y + 5*q = -0*q + 130, -2*y + o = -4*q. What is the tens digit of y?
3
Suppose -3*p - 608 = -q, 0 = -3*q + 4*q + 2*p - 603. What is the units digit of q?
5
Let u(y) = -5*y + 3. Let p be u(6). Let l = 48 + p. Let a = l + -4. What is the units digit of a?
7
Let z(x) = 474*x - 83. What is the tens digit of z(2)?
6
Let i = 0 + 0. Suppose 0 = -3*m - i*m - 3. What is the tens digit of -4 - (-32 - m - 4)?
3
What is the tens digit of 3/9 + (-79709)/(-21)?
9
Suppose 5*n + 36 = 2*b, -b + 3*b = -2*n + 8. Suppose 4*a + 0*c = -4*c - b, -5*a - 2*c - 7 = 0. What is the units digit of (-1)/((-2)/((-8)/a))?
4
Suppose 4*k - 4 = 4*r - 3*r, -2*r - 5*k + 18 = 0. What is the units digit of (-3)/(-1)*-9*(-13 + r)?
3
Let h(k) = k**3 - 6*k**2 - k + 6. Let o be h(6). Suppose o = v + 6*v + 280. What is the units digit of v/(-6)*588/70?
6
Suppose -f + 3*f = -5*r + 29, 0 = 2*f + 3*r - 35. Let w be 19 - (-1)/(-1) - 1. Suppose w = x + 5*n, 2*x + 0*n - 2*n - f = 0. What is the units digit of x?
2
Suppose -7*z + 6208 = -2*z - 4*a, -z - 3*a = -1234. What is the tens digit of z?
4
Suppose 3*k - 398 = -4*a + 1238, -k - 3*a = -537. Suppose -18 = w + 2*n, -4*w + 2*n - 5*n = 72. What is the tens digit of k/w*(-3)/2?
4
Suppose -4*n + 3*j + 15 = 0, n - 3 = 4*j - 3*j. Let x(m) = m + 3. What is the units digit of x(n)?
9
Suppose -7 = -2*u + 1, -u = -2*y + 1180. What is the units digit of y?
2
Suppose -400 = 6*x - 16*x. What is the hundreds digit of 6420/x - 1/2?
1
Let c(x) = 70*x. Let o be c(3). Suppose 5*r - 570 = -0*d - 5*d, 2*d - 4*r - o = 0. Suppose 0 = -3*z + d + 9. What is the tens digit of z?
4
Let u(h) = h**3 + 6*h**2 + 3*h + 4. Let q be u(-6). What is the tens digit of 11/((-77)/q)*(-58)/(-4)?
2
Let w(c) = 3*c**2 + 2*c - 52. Let h be w(0). Let n = h - -224. What is the units digit of n?
2
Let s = -539 - -1321. Let j = s - 536. What is the tens digit of j?
4
Suppose 2*k - 3*q - 3163 = 0, -8*q + 6*q = -3*k + 4737. What is the tens digit of k?
7
Let w(x) = -2*x**2 - 4*x**2 + 28*x**2 + 17*x + 3 - 21*x. What is the units digit of w(2)?
3
Suppose 378 = -5*a + 3118. Suppose a = 5*z + 3*l, 4*l + 0*l - 440 = -4*z. What is the hundreds digit of z?
1
Let w(c) = c**3 - 2*c**2 + 2*c - 2. Let o be w(2). Suppose o*z + 8 = -4. Let y(u) = -u + 2. What is the units digit of y(z)?
8
Let j(b) = b - 2*b - 7 + 3*b. Let r be j(6). Suppose -3*y + 4 = -y + 4*p, r*p + 60 = 4*y. What is the tens digit of y?
1
Let p(j) = 11*j - 8. Let g be p(3). Let b(h) = h + 4. Let z be b(0). Suppose 47 = z*m - g. What is the units digit of m?
8
Let v = -849 - -1367. What is the hundreds digit of v?
5
What is the tens digit of (-4)/58 - (-4549208)/2204?
6
Let t(f) = -2*f**2 - 4*f - 1. Suppose 3*o + 3 + 6 = -3*x, -3*o = 3. Let m be t(x). Let u = m - -32. What is the units digit of u?
1
Let u(z) be the third derivative of -1/120*z**6 + 2/3*z**3 - 5/24*z**4 + 2/15*z**5 + 0 - 2*z**2 + 0*z. What is the tens digit of u(7)?
1
Suppose -3*i = 2*m - 1192, m - 593 = 9*i - 12*i. What is the hundreds digit of m?
5
Let x be (-1129)/(-2) - ((-18)/4)/(-3). Let a = -288 + x. What is the units digit of a?
5
Let l be 426/18 - 2/3. Suppose -3*u = 4*m - l, -u - m + 4 = -4. What is the units digit of u?
9
Let f(h) = -1 - 2*h**2 + 2*h - h**3 + 3 + 1. Let s be f(-2). Let m = 11 + s. What is the units digit of m?
0
Let y = -95 + 98. Suppose y*a - 9 - 213 = -2*o, -5*o - 3*a + 555 = 0. What is the units digit of o?
1
Let n = -14 + 17. What is the units digit of (2 + 100)*n/6?
1
Suppose 3*i + 0 + 6 = -2*r, 2*i + 12 = -4*r. Suppose i = 5*h + 4*s - 234, -8 = -h + 2*s + 36. What is the units digit of h/8 + 1/4?
6
Let o be 0*(-2 + 3) + 5. Let w(m) = -m + m + 3 - o*m. What is the units digit of w(-3)?
8
Suppose -5*t + 19 + 1 = 0, 0 = 4*b - 2*t + 76. Let m(c) = c**3 + 18*c**2 + 11*c. What is the units digit of m(b)?
2
Let b = -13 + 18. Suppose -4*w + 4*o = -1 + 9, -2*w + b*o = 16. What is the units digit of (56/12)/(w/3)?
7
Let v = 4884 - 1972. What is the units digit of v?
2
Let f(s) = -20*s**2 + 3*s - 2. Let i be f(1). Let z = -7 - i. What is the tens digit of z?
1
Let v be (-1)/(-2)*(12 + -8). Suppose m + 2*o - 18 = 5, -v*m = 5*o - 51. What is the tens digit of m?
1
Suppose 0*q + 3*q = 9, -2*x + 5*q + 1 = 0. Let g(p) = -p**2 + 8*p + 9. Let j be g(x). Let w = 16 + j. What is the tens digit of w?
2
Let w be (2*12/(-8))/1. Let s be w/((-1)/(4/(-3))). What is the units digit of (-298)/(-8) + 1/s?
7
Let x(n) = -5*n**3 + 3*n**2 - 3*n + 3. Let i be x(2). Let j(l) = -l - 55. Let k be j(-5). Let c = i - k. What is the tens digit of c?
1
What is the thousands digit of 302/(-4)*(9/(-1) + -5)?
1
Let g(c) = 2*c**3 - 5*c**2 + 6*c + 3. What is the units digit of g(4)?
5
Suppose -1455 = -21*c + 6*c. Suppose -a + 2*x + c = x, x = 5*a - 497. What is the tens digit of a?
0
Let v(z) = -13*z**2 + 8*z + 6. Let k be v(6). Let i = k + 656. What is the units digit of i?
2
Suppose -5*f = 2*a - 21 - 15, 5*f = 2*a + 44. Suppose 0 = -3*r + f*r - w - 1363, -w - 271 = -r. What is the hundreds digit of r?
2
Let k = 363 + 2229. What is the thousands digit of k?
2
Let h = 19 - 17. Let a(d) = -6*d + d**3 + 0*d**h + 4*d**2 + 3*d + 3 + d**2. What is the tens digit of a(-4)?
3
Suppose -i + 4*p - 3 = -1, 12 = 3*p. Let y = i - 8. Suppose 3*g - y*g + 33 = 0. What is the units digit of g?
1
Let r = 567 + 1304. What is the thousands digit of r?
1
Suppose 48*p - 47*p = -1. What is the units digit of (-157)/p - (3/1 + -6)?
0
Suppose -3*o + m = -2256, 0*o + 3760 = 5*o + m. What is the units digit of o?
2
Let k(d) = d**3 - 12*d**2 - 10*d - 12. Let h = 7 + 6. Let p be k(h). Suppose -5*f = -13 - p. What is the units digit of f?
8
Let q(f) = -2*f**2 + 5*f - 3. Let j be q(3). What is the tens digit of 2/j - (-176)/6?
2
Let i = 917 - 545. What is the tens digit of i?
7
Let u = 273 - 100. What is the units digit of u?
3
Let v(f) = f**2 + 2*f. Let r be v(-3). Let l be 0 - -3 - r - -64. Suppose m + l = 5*m. What is the units digit of m?
6
Let q(g) = 30*g + 14. Let u be q(2). Let m = 134 - u. What is the tens digit of m?
6
Let h(s) = -8 - 5*s - 9*s - 1 - 29*s. What is the units digit of h(-7)?
2
Let r = -19 - -15. What is the units digit of ((-3)/r)/(14/672)?
6
Suppose -3*j + 5*j - 4*k + 42 = 0, 5*k - 15 = 0. Let n = 57 + j. What is the tens digit of n?
4
Let y(v) = 4*v**2 - 28*v + 3. Let q be y(7). Suppose f = -q*f + 228. What is the units digit of f?
7
Let o(v) = -4*v + 51. Let h be (-18)/(-117) - 128/(-13). What is the tens digit of o(h)?
1
Let z(l) = -3*l**3 - 9*l**2 - 4*l + 7. What is the tens digit of z(-7)?
2
Suppose -5*r - 5 = 5*x - 40, 5*r + 2*x - 44 = 0. Suppose 2*f + r = 0, 0*l = l - f + 5. What is the units digit of (-6)/l + 22/55?
1
Let a be (-195)/(-27) + 2/(-9). Let m = 9 - a. Suppose 46 = 3*h + m*d - 18, 112 = 5*h - 2*d. What is the units digit of h?
2
What is the units digit of 64/(-96) - (1 - (-1103)/(-3))?
6
Let t(b) = -b**2 + 2*b + 37. Let y(a) = 3*a**2 - 7*a - 112. Let q(d) = -7*t(d) - 2*y(d). What is the units digit of q(11)?
6
Let j be (-58)/(-4) + 7/(-14). Suppose -5*a + 4*q = -264 + j, -a = q - 50. What is the tens digit of a?
5
Let i(s) = -s**3 + 5*s**2 + s - 3. Let l be i(5). Let j be (12 + -4)*l/4. Suppose -3*p + 8*k - 5*k + 42 = 0, -j*p + 2*k = -62. What is the units digit of p?
7
Suppose 7*q - 13*q - 756 = 0. Let w = q - -232. What is the hundreds digit of w?
1
Suppose 4*q + 2213 = 3*r - 9007, -4*r + 4*q = -14960. What is the units digit of r?
0
Let o be (-8 + 9)*1/1. Let k(d) = o + 11 - 6*d - 9*d + 3*d - d**2. What is the tens digit of k(-9)?
3
Suppose 5*z + 2*u = 134, -z - u - 4*u = -13. What is the units digit of ((-4)/6)/(z/(-7266))?
3
Suppose 5*u = -128 - 22. What is the tens digit of (-8)/12*u - 1?
1
Let t = -989 - -1700. What is the units digit of t?
1
Suppose 0 = 2*p - p, 4*n - 12 = 4*p. Let w = 8 - n. What is the units digit of -8*4/(-40)*w?
4
Let n = -9 + 8. Let v be 1/(0 - n) - 5. W